 + 3 = -x + r*n, 3*x + 3*n = 63. What is the remainder when x is divided by 4?
1
Suppose -2*u + 3*g = 2*u - 140, 48 = 2*u + 4*g. Suppose 2*m = -q + 16 - 6, 0 = -3*q + 2*m + 62. Calculate the remainder when u is divided by q.
14
Let a(z) = -z**3 - 4*z**2 + 5*z + 11. Suppose 3*r - 124 = 5. Suppose -37 = -4*s + r. Calculate the remainder when s is divided by a(-5).
9
Let o(u) = u**2 - 27*u - 4. Calculate the remainder when 117 is divided by o(28).
21
Suppose 1332 = 12*n - 216. Calculate the remainder when n is divided by 29.
13
Suppose 2*i - 4*d - 300 = 0, 0 = -i + 4*i - 3*d - 438. Let u = i - 118. Calculate the remainder when u is divided by 17.
7
Let n(z) = 4*z**3 + 6*z**2 - 9*z + 2. Calculate the remainder when n(3) is divided by 18.
11
Let q(l) = l - 4. Let a be q(-2). What is the remainder when 18 is divided by a/(-4)*96/36?
2
Let l(p) = -p**2 + 41*p - 74. Calculate the remainder when 68 is divided by l(38).
28
Let i(k) = -2*k**2 + 55*k + 184. Calculate the remainder when 388 is divided by i(29).
0
Let f(u) = -14*u + 156. Calculate the remainder when f(8) is divided by 37.
7
Let p(o) = 5*o - 26. Let r(w) = w - 1. Let h(c) = -p(c) + 4*r(c). Calculate the remainder when 13 is divided by h(15).
6
Let h be -5 - 3/(-1) - 3*-1. Let o = 16 - h. What is the remainder when 89 is divided by o?
14
Let u = 1532 + -1473. Calculate the remainder when u is divided by 23.
13
Let m(n) = n**3 - 29*n**2 + 52*n + 65. Calculate the remainder when 87 is divided by m(27).
10
Let y(i) = i + 70. Let n be y(14). Suppose -12*z = -0*z - n. Calculate the remainder when 46 is divided by z.
4
Suppose 7*u = 13*u - 210. Calculate the remainder when 169 is divided by u.
29
Let y = -245 - -328. What is the remainder when y is divided by 3?
2
Let x = 1097 + -1088. What is the remainder when 296 is divided by x?
8
Suppose 0*i = -5*y - 2*i + 54, y = -3*i + 3. Calculate the remainder when 82 is divided by y.
10
Let l be ((-135)/10 + 5)*-2. Let f = 29 - l. Suppose -35 = -j - 4. Calculate the remainder when j is divided by f.
7
Suppose 6*y - 5352 = -0*y. Suppose -6*l + y = -410. What is the remainder when l is divided by 20?
17
Let r = -409 + 490. Calculate the remainder when 483 is divided by r.
78
Let f be 22/((3/(-3))/(-1)). Suppose -o + f + 4 = 0. What is the remainder when 2168/28 + 9/(-21) is divided by o?
25
Let n be (-2)/(-6) - 8/(-3). Let x = n - -12. What is the remainder when 72 is divided by x?
12
Let l be -2 + (2 - 1) - 7. Let u(f) = f + 14. Let s be u(l). What is the remainder when (-5)/(-15) + 172/s is divided by 8?
5
Suppose 0 = 2*o + 6, 7*u - 3*o = 6*u + 24. Calculate the remainder when 25 is divided by u.
10
Let a(t) = -t**2 + 9*t + 12. Let u be a(12). Let i = u + 44. Calculate the remainder when (-550)/(-14) + (-2)/7 is divided by i.
19
Let d = 1285 + -611. Calculate the remainder when d is divided by 38.
28
Calculate the remainder when 1*16/(-40) + 1464/10 is divided by ((-21)/4)/((-1)/4).
20
Let r(p) = p**3 - 80*p**2 - 78*p + 83. Calculate the remainder when r(81) is divided by 22.
18
What is the remainder when (21/2)/((-32)/(-64)) is divided by 16?
5
Suppose 32*t = 28*t + 128. What is the remainder when t is divided by 6?
2
Let f(c) = 2*c**2 - 14*c + 3. Let p be f(7). Suppose p*j - t - 12 = 2, 4*j - 2*t = 16. Calculate the remainder when 29 is divided by j.
5
Suppose 46 = 2*n + 2*n - 2*r, 0 = -4*n + 4*r + 40. Suppose 5*q = -5*b + 120, 98 - 6 = 4*b + 2*q. What is the remainder when b is divided by n?
9
Suppose -2*i = -0*i - 68. Calculate the remainder when i is divided by 12 + ((-36)/(-24))/(1/(-2)).
7
Let a(r) = 8*r - 312. Calculate the remainder when a(52) is divided by 128/6 + (-2)/6.
20
Let r = 277 + -160. Let t = -381 - -411. Calculate the remainder when r is divided by t.
27
Let r = -36 - -48. Suppose -r = -4*h + 16. Calculate the remainder when h is divided by 1/(-4) - (-21)/4.
2
Let i = 68 - 41. Suppose 2*n = -0*n + 10, -n - 52 = -3*a. Suppose -a = -g + i. What is the remainder when g is divided by 12?
10
Let o(t) = 8 + 12*t**2 - 3*t**3 + 2*t**3 - 3*t + 13*t. What is the remainder when o(12) is divided by 43?
42
Let k = 303 - 293. Suppose 3*l - 236 = 31. Calculate the remainder when l is divided by k.
9
Suppose -5*z + 118 = 4*d, -7*d + 2*d + 120 = 5*z. Let f = -18 - -25. Calculate the remainder when z is divided by f.
1
Suppose -3*s + 2*s = -5*u + 326, -4*u = 4*s - 280. Suppose -193 + 118 = -3*l. Calculate the remainder when u is divided by l.
16
Let q be (4/6)/(2/6*2). Let n be ((-6)/4)/(3/(-8)). Suppose -p + n = q. What is the remainder when p is divided by 2?
1
What is the remainder when (217 - -17) + 1*6 is divided by 22?
20
Let k be -2*3*(-14)/(-12). Let c = 9 + k. Suppose -l + 87 = c*l. What is the remainder when l is divided by 16?
13
Suppose -2*w + o = -w - 7, -4 = 2*o. Let k = -5612 - -5636. What is the remainder when k is divided by w?
4
Let w = 164 - -299. Calculate the remainder when w is divided by 31.
29
Let v = 79 + -46. Calculate the remainder when v is divided by (3 + -1)*90/36.
3
Suppose 39*g = 44*g + 110. Let k = g - -40. Calculate the remainder when 35 is divided by k.
17
Let n(x) be the third derivative of 0 + 11/15*x**5 - 2*x**2 + 1/12*x**4 + 1/6*x**3 + 0*x. Calculate the remainder when n(-1) is divided by 15.
13
Let h(l) = 137*l - 122. Calculate the remainder when h(6) is divided by 19.
16
Suppose -27 = 4*t + 37. Let n = t + 20. Calculate the remainder when 18 is divided by n.
2
Suppose 0*o = -4*o + 4*b + 140, 3*b = -12. Let k = o + -26. What is the remainder when 24 is divided by k?
4
Let n(h) = -13*h - 19. Suppose -w + 1 + 4 = 0, 3*w = 2*k + 21. Calculate the remainder when n(k) is divided by 17.
3
Suppose 4*h + 0*h + 4*v = 0, 7 = 4*h - 3*v. Let w = h + 3. Suppose w*u + 0*q - 19 = -q, 3*u - 4*q - 38 = 0. What is the remainder when u is divided by 3?
0
Let r(t) = -2*t**2 + 3*t - 6. Let c(l) = -l + 1. Let f(z) = -6*c(z) - r(z). Let i be (-2)/(6/21) - -2. What is the remainder when f(i) is divided by 19?
16
Suppose 5 = 2*p + 1. Suppose -3*l = -5*k - p, -2*k + 9 = l - 10. Suppose l*s + 96 = 13*s. Calculate the remainder when 94 is divided by s.
22
Suppose 97*r - 2730 = 91*r. Calculate the remainder when r is divided by 38.
37
Let a(p) = -68*p - 55. What is the remainder when 62 is divided by a(-1)?
10
Suppose -58*s = -2413 - 8085. What is the remainder when s is divided by 23?
20
Let h = 68 + -67. Suppose -5*n = -4*c - 53, -4*n + 37 = c - 6*c. What is the remainder when h + (-4 - -56) - 4 is divided by n?
10
Calculate the remainder when 18/48 - 11292/(-96) is divided by 26.
14
Suppose m - 5*m + 12 = 0, -m - 107 = -5*s. Let d = s + -11. What is the remainder when 20 is divided by d?
9
Suppose 2*l = 20 - 2. Let p = -41 + 44. Suppose 0 = -m - 4*d - 0*d + 29, -3*m + p*d = -72. Calculate the remainder when m is divided by l.
7
Suppose 2*u - 5*l = -0*u + 11, -3*u + 2*l + 11 = 0. Suppose -2*p = u*p + 25. Calculate the remainder when 7 is divided by -2*p/2 - 0.
2
Suppose -2*f + 4*h - 10 = 0, 0 = 4*f - 3*h + 6*h - 24. Suppose -o + f*o = -14. What is the remainder when 12 is divided by o/((-2)/(-4)*-2)?
5
Let d(t) = 10*t**3 - 5*t**2 - 6*t + 13. Calculate the remainder when d(4) is divided by 50.
49
Let d = -14 - 6. Let b be 3/(12/(-8)) - -55. Let c = d + b. Calculate the remainder when c is divided by 9.
6
Let t(z) = 18*z + 18. Let r be t(-2). Let h = r - -38. What is the remainder when 71 is divided by h?
11
Suppose 5*w - 26 = 4. What is the remainder when 4 is divided by w - 4 - (-2 + 2)?
0
Suppose 4*i - 280 = -4*m, -5*m = -i + 2*i - 70. Let p(n) = -65 + 35 + n**2 + 32. Calculate the remainder when i is divided by p(4).
16
Suppose n = -0*v - 3*v + 22, 8 = -2*v. What is the remainder when 162 is divided by n?
26
Suppose -k - 2*l - 52 = 2*k, 4*l = 5*k + 116. Let n = -15 - k. What is the remainder when 14 is divided by n?
4
Let g be ((-30)/4)/(7/(-14)). Let s be (-175)/5*(-9)/g. What is the remainder when 49 is divided by s + 0 + -7 + 4?
13
Suppose 0*v = -3*v - 2*z + 8, 5 = v + 3*z. Let o(h) = 7 + 2 + 10*h + 6*h + h**3 - 17*h**v. Calculate the remainder when 32 is divided by o(16).
5
Let n = 3 - 3. Suppose n = -w + 3 + 4. Suppose 5 = i - 15. Calculate the remainder when i is divided by w.
6
Suppose -20 = -5*n + 85. Calculate the remainder